{"id":1173,"date":"2026-03-31T12:36:42","date_gmt":"2026-03-31T10:36:42","guid":{"rendered":"https:\/\/szpital-gryfino.pl\/?page_id=1173"},"modified":"2026-04-09T13:06:28","modified_gmt":"2026-04-09T11:06:28","slug":"sygnalizowanie-o-potencjalnych-nieprawidlowosciach-lub-naduzyciach-finansowych","status":"publish","type":"page","link":"https:\/\/szpital-gryfino.pl\/?page_id=1173","title":{"rendered":"SYGNALIZOWANIE O POTENCJALNYCH NIEPRAWID\u0141OWO\u015aCIACH LUB NADU\u017bYCIACH FINANSOWYCH"},"content":{"rendered":"\n<figure class=\"wp-block-image size-full\"><img loading=\"lazy\" decoding=\"async\" width=\"944\" height=\"95\" src=\"https:\/\/szpital-gryfino.pl\/wp-content\/uploads\/2026\/04\/image.png\" alt=\"\" class=\"wp-image-1198\" srcset=\"https:\/\/szpital-gryfino.pl\/wp-content\/uploads\/2026\/04\/image.png 944w, https:\/\/szpital-gryfino.pl\/wp-content\/uploads\/2026\/04\/image-500x50.png 500w, https:\/\/szpital-gryfino.pl\/wp-content\/uploads\/2026\/04\/image-300x30.png 300w, https:\/\/szpital-gryfino.pl\/wp-content\/uploads\/2026\/04\/image-768x77.png 768w, https:\/\/szpital-gryfino.pl\/wp-content\/uploads\/2026\/04\/image-150x15.png 150w, https:\/\/szpital-gryfino.pl\/wp-content\/uploads\/2026\/04\/image-480x48.png 480w\" sizes=\"auto, (max-width:767px) 480px, (max-width:944px) 100vw, 944px\" \/><\/figure>\n\n\n\n<p><strong><br>Sygnalizowanie o potencjalnych nieprawid\u0142owo\u015bciach lub nadu\u017cyciach finansowych.<\/strong><\/p>\n\n\n\n<p>W\u00a0 zwi\u0105zku\u00a0 z\u00a0 realizacj\u0105\u00a0 Przedsi\u0119wzi\u0119cia \u201e<strong>Doposa\u017cenie Oddzia\u0142u Chor\u00f3b Wewn\u0119trznych Szpitala Powiatowego<br>w Gryfinie Sp\u00f3\u0142ka z o.o. na potrzeby opieki kardiologicznej<\/strong>\u201d realizowanego w ramach Krajowego Planu Odbudowy i Zwi\u0119kszania Odporno\u015bci: Komponent D \u201eEfektywno\u015b\u0107, dost\u0119pno\u015b\u0107 i jako\u015b\u0107 systemu ochrony zdrowia\u201d Inwestycja D1.1.1 \u201eRozw\u00f3j i modernizacja infrastruktury centr\u00f3w opieki wysokospecjalistycznej i innych podmiot\u00f3w leczniczych\u201d Umowa            Nr KPOD.07.02-IP.10-0274\/25\/KPO\/1101\/2026\/146 Szpital Powiatowy w Gryfinie Sp\u00f3\u0142ka z o.o. informuje o funkcjonowaniu mechanizmu umo\u017cliwiaj\u0105cego sygnalizowanie o potencjalnych nieprawid\u0142owo\u015bciach lub nadu\u017cyciach finansowych.<\/p>\n\n\n\n<p>Zg\u0142oszenie do IK KPO lub IOI o niezgodno\u015bci Przedsi\u0119wzi\u0119cia lub dzia\u0142a\u0144 OOW&nbsp; z KPON&nbsp; lub KPP nale\u017cy przekazywa\u0107 w nast\u0119puj\u0105cej formie:<\/p>\n\n\n\n<p>\u2013 poczta tradycyjna \u2013 adres: Ministerstwo Zdrowia, ul. Miodowa 15, 00- 952 Warszawa;<br>\u2013 skrzynka nadawcza e-dor\u0119czenia Ministerstwo Zdrowia, ul. Miodowa 15, 00-952 Warszawa.<\/p>\n\n\n\n<p><\/p>\n","protected":false},"excerpt":{"rendered":"<p>Sygnalizowanie o potencjalnych nieprawid\u0142owo\u015bciach lub nadu\u017cyciach finansowych. W\u00a0 zwi\u0105zku\u00a0 z\u00a0 realizacj\u0105\u00a0 Przedsi\u0119wzi\u0119cia \u201eDoposa\u017cenie Oddzia\u0142u Chor\u00f3b Wewn\u0119trznych Szpitala Powiatowegow Gryfinie Sp\u00f3\u0142ka z o.o. na potrzeby opieki kardiologicznej\u201d<span class=\"excerpt-hellip\"> [\u2026]<\/span><\/p>\n","protected":false},"author":5,"featured_media":0,"parent":0,"menu_order":0,"comment_status":"closed","ping_status":"closed","template":"","meta":{"footnotes":""},"class_list":["post-1173","page","type-page","status-publish","hentry"],"_links":{"self":[{"href":"https:\/\/szpital-gryfino.pl\/index.php?rest_route=\/wp\/v2\/pages\/1173","targetHints":{"allow":["GET"]}}],"collection":[{"href":"https:\/\/szpital-gryfino.pl\/index.php?rest_route=\/wp\/v2\/pages"}],"about":[{"href":"https:\/\/szpital-gryfino.pl\/index.php?rest_route=\/wp\/v2\/types\/page"}],"author":[{"embeddable":true,"href":"https:\/\/szpital-gryfino.pl\/index.php?rest_route=\/wp\/v2\/users\/5"}],"replies":[{"embeddable":true,"href":"https:\/\/szpital-gryfino.pl\/index.php?rest_route=%2Fwp%2Fv2%2Fcomments&post=1173"}],"version-history":[{"count":3,"href":"https:\/\/szpital-gryfino.pl\/index.php?rest_route=\/wp\/v2\/pages\/1173\/revisions"}],"predecessor-version":[{"id":1201,"href":"https:\/\/szpital-gryfino.pl\/index.php?rest_route=\/wp\/v2\/pages\/1173\/revisions\/1201"}],"wp:attachment":[{"href":"https:\/\/szpital-gryfino.pl\/index.php?rest_route=%2Fwp%2Fv2%2Fmedia&parent=1173"}],"curies":[{"name":"wp","href":"https:\/\/api.w.org\/{rel}","templated":true}]}}