{"id":1245,"date":"2026-05-05T12:45:39","date_gmt":"2026-05-05T10:45:39","guid":{"rendered":"https:\/\/szpital-gryfino.pl\/?page_id=1245"},"modified":"2026-05-11T09:44:45","modified_gmt":"2026-05-11T07:44:45","slug":"utworzenie-w-ramach-ambulatoryjnej-opieki-specjalistycznej-prowadzonej-w-szpitalu-powiatowym-w-gryfinie-sp-z-o-o-centrum-diagnostyki-obrazowej-poprzez-wymiane-aparatu-rtg-i-zakup-aparatu-tomografu","status":"publish","type":"page","link":"https:\/\/szpital-gryfino.pl\/?page_id=1245","title":{"rendered":"Centrum Diagnostyki Obrazowej- wymiana RTG i zakup aparatu Tomografu Komputerowego wraz ze zmian\u0105 sposobu u\u017cytkowania pomieszcze\u0144."},"content":{"rendered":"\n<figure class=\"wp-block-image size-full\"><img loading=\"lazy\" decoding=\"async\" width=\"818\" height=\"88\" src=\"https:\/\/szpital-gryfino.pl\/wp-content\/uploads\/2026\/05\/image-1.png\" alt=\"\" class=\"wp-image-1256\" srcset=\"https:\/\/szpital-gryfino.pl\/wp-content\/uploads\/2026\/05\/image-1.png 818w, https:\/\/szpital-gryfino.pl\/wp-content\/uploads\/2026\/05\/image-1-500x54.png 500w, https:\/\/szpital-gryfino.pl\/wp-content\/uploads\/2026\/05\/image-1-300x32.png 300w, https:\/\/szpital-gryfino.pl\/wp-content\/uploads\/2026\/05\/image-1-768x83.png 768w, https:\/\/szpital-gryfino.pl\/wp-content\/uploads\/2026\/05\/image-1-150x16.png 150w, https:\/\/szpital-gryfino.pl\/wp-content\/uploads\/2026\/05\/image-1-480x52.png 480w\" sizes=\"auto, (max-width:767px) 480px, (max-width:818px) 100vw, 818px\" \/><\/figure>\n\n\n\n<p><strong>Dofinansowanie pn:<\/strong><\/p>\n\n\n\n<p><strong>Utworzenie w ramach Ambulatoryjnej Opieki Specjalistycznej prowadzonej w Szpitalu Powiatowym w Gryfinie Sp. z o.o. Centrum Diagnostyki Obrazowej poprzez wymian\u0119 aparatu RTG i zakup aparatu Tomografu Komputerowego wraz ze zmian\u0105 sposobu u\u017cytkowania pomieszcze\u0144.<\/strong><\/p>\n\n\n\n<p>Szpital Powiatowy w Gryfinie Sp\u00f3\u0142ka z o.o. realizuje projektu pn: Utworzenie w ramach Ambulatoryjnej Opieki Specjalistycznej prowadzonej w Szpitalu Powiatowym w Gryfinie Sp. z o.o. Centrum Diagnostyki Obrazowej poprzez wymian\u0119 aparatu RTG i zakup aparatu Tomografu Komputerowego wraz ze zmian\u0105 sposobu u\u017cytkowania pomieszcze\u0144, wsp\u00f3\u0142finansowany ze \u015brodk\u00f3w Europejski Fundusz Rozwoju Regionalnego w ramach Funduszy Europejskich dla Pomorza Zachodniego Priorytet 5 Fundusze Europejskie na rzecz przyjaznego mieszkankom i mieszka\u0144com Pomorza Zachodniego, Dzia\u0142anie 5.9 Dost\u0119pne i efektywne us\u0142ugi zdrowotne, Typ projektu nr 3: Zapewnienie r\u00f3wnego dost\u0119pu do ambulatoryjnej opieki specjalistycznej oraz rozw\u00f3j opieki jednego dnia poprzez inwestycje<br>w infrastruktur\u0119, nowoczesn\u0105 aparatur\u0119 i sprz\u0119t szpitali powiatowych.<\/p>\n\n\n\n<p>G\u0142\u00f3wnym celem projektu jest zapewnienie mieszka\u0144com powiatu gryfi\u0144skiego r\u00f3wnego dost\u0119pu do wysokiej jako\u015bci us\u0142ug medycznych w ramach ambulatoryjnej opieki specjalistycznej (AOS) oraz podniesienie jako\u015bci us\u0142ug \u015bwiadczonych przez Szpital w Gryfinie poprzez utworzenie Centrum Diagnostyki Obrazowej, wyposa\u017cenie go w nowoczesn\u0105 aparatur\u0119 medyczn\u0105 i niezb\u0119dne wyposa\u017cenie,<br>a tak\u017ce podniesienie kompetencji zawodowych pracownik\u00f3w.<\/p>\n\n\n\n<p>Zakres projektu obejmuje:<\/p>\n\n\n\n<ul class=\"wp-block-list\">\n<li>utworzenie nowej kom\u00f3rki organizacyjnej \u2013 Centrum Diagnostyki Obrazowej Szpitala Powiatowego w Gryfinie Sp\u00f3\u0142ka z o.o. obejmuj\u0105cego pracowni\u0119 Tomografii Komputerowej, pracowni\u0119 Rentgenodiagnostyki oraz gabinet USG.<\/li>\n<\/ul>\n\n\n\n<ul class=\"wp-block-list\">\n<li>modernizacj\u0119 i przebudow\u0119 pomieszcze\u0144 szpitala, w tym obecnej pracowni rentgenowskiej, wraz ze zmian\u0105 ich funkcji oraz dostosowaniem do obowi\u0105zuj\u0105cych wymaga\u0144 technicznych, sanitarnych i organizacyjnych.<\/li>\n\n\n\n<li>zakup nowoczesnego sprz\u0119tu medycznego \u2013 tomografu komputerowego, aparatu rentgenowskiego oraz wdro\u017cenie oprogramowania PACS\/RIS niezb\u0119dnego do archiwizacji, przesy\u0142ania i opisywania bada\u0144 diagnostycznych, a tak\u017ce wyposa\u017cenie pracowni oraz zaplecza technicznego i socjalnego w niezb\u0119dne meble medyczne, wyposa\u017cenie techniczne oraz pozosta\u0142y sprz\u0119t wspieraj\u0105cy funkcjonowanie Centrum Diagnostyki Obrazowej.<\/li>\n\n\n\n<li>szkolenie personelu medycznego w zakresie podnoszenia \u015bwiadomo\u015bci dotycz\u0105cej potrzeb grup nara\u017conych na dyskryminacj\u0119 oraz zapewnienia r\u00f3wnego dost\u0119pu do \u015bwiadcze\u0144 zdrowotnych dla wszystkich pacjent\u00f3w.<\/li>\n<\/ul>\n\n\n\n<p>Realizacja projektu przyczyni si\u0119 do:<\/p>\n\n\n\n<ul class=\"wp-block-list\">\n<li>rozszerzenia zakresu \u015bwiadcze\u0144 diagnostycznych<\/li>\n\n\n\n<li>skr\u00f3cenie czasu oczekiwania na dost\u0119p do \u015bwiadcze\u0144 diagnostyczno-leczniczych<\/li>\n\n\n\n<li>poprawa komfortu pacjent\u00f3w z korzystania z us\u0142ug AOS&nbsp; w Szpitalu w Gryfinie<\/li>\n\n\n\n<li>poprawa komfortu i warunk\u00f3w pracy personelu medycznego<\/li>\n\n\n\n<li>dostosowanie pomieszcze\u0144 Centrum Diagnostyki Obrazowej do zalece\u0144 i wymog\u00f3w sanitarnych,<\/li>\n<\/ul>\n\n\n\n<p><strong>Ca\u0142kowity szacowany koszt projektu: 3&nbsp;431&nbsp;432,43 z\u0142<\/strong><\/p>\n\n\n\n<p><strong>Dofinansowanie: 2\u00a0916\u00a0717,56 z\u0142<\/strong><\/p>\n\n\n\n<p><strong>Realizacja projektu<\/strong>&nbsp;<strong>trwa\u0107 b\u0119dzie od 01.06.2026r. do 31.12.2027r<\/strong><strong>.<\/strong><\/p>\n","protected":false},"excerpt":{"rendered":"<p>Dofinansowanie pn: Utworzenie w ramach Ambulatoryjnej Opieki Specjalistycznej prowadzonej w Szpitalu Powiatowym w Gryfinie Sp. z o.o. Centrum Diagnostyki Obrazowej poprzez wymian\u0119 aparatu RTG i zakup<span class=\"excerpt-hellip\"> [\u2026]<\/span><\/p>\n","protected":false},"author":5,"featured_media":0,"parent":0,"menu_order":0,"comment_status":"closed","ping_status":"closed","template":"","meta":{"footnotes":""},"class_list":["post-1245","page","type-page","status-publish","hentry"],"_links":{"self":[{"href":"https:\/\/szpital-gryfino.pl\/index.php?rest_route=\/wp\/v2\/pages\/1245","targetHints":{"allow":["GET"]}}],"collection":[{"href":"https:\/\/szpital-gryfino.pl\/index.php?rest_route=\/wp\/v2\/pages"}],"about":[{"href":"https:\/\/szpital-gryfino.pl\/index.php?rest_route=\/wp\/v2\/types\/page"}],"author":[{"embeddable":true,"href":"https:\/\/szpital-gryfino.pl\/index.php?rest_route=\/wp\/v2\/users\/5"}],"replies":[{"embeddable":true,"href":"https:\/\/szpital-gryfino.pl\/index.php?rest_route=%2Fwp%2Fv2%2Fcomments&post=1245"}],"version-history":[{"count":6,"href":"https:\/\/szpital-gryfino.pl\/index.php?rest_route=\/wp\/v2\/pages\/1245\/revisions"}],"predecessor-version":[{"id":1279,"href":"https:\/\/szpital-gryfino.pl\/index.php?rest_route=\/wp\/v2\/pages\/1245\/revisions\/1279"}],"wp:attachment":[{"href":"https:\/\/szpital-gryfino.pl\/index.php?rest_route=%2Fwp%2Fv2%2Fmedia&parent=1245"}],"curies":[{"name":"wp","href":"https:\/\/api.w.org\/{rel}","templated":true}]}}